55?
5, 167, 59233
What are the prime factors of 336611925?
3, 5, 13, 157, 733
List the prime factors of 1457762399.
103, 14153033
What are the prime factors of 42304843?
7, 23, 127, 2069
What are the prime factors of 17202264?
2, 3, 239, 2999
List the prime factors of 1051564178.
2, 7, 75111727
List the prime factors of 535664260.
2, 5, 26783213
List the prime factors of 222698231.
7, 149, 1433
What are the prime factors of 1447308298?
2, 1039, 696491
What are the prime factors of 104438364?
2, 3, 19, 458063
What are the prime factors of 161193489?
3, 263, 204301
What are the prime factors of 416076915?
3, 5, 19, 1117, 1307
List the prime factors of 100186986.
2, 3, 47, 7559
What are the prime factors of 325391586?
2, 3, 13, 320899
List the prime factors of 136407420.
2, 3, 5, 757819
List the prime factors of 161108597.
13, 2143, 5783
What are the prime factors of 56725530?
2, 3, 5, 1890851
What are the prime factors of 34337808?
2, 3, 389, 613
List the prime factors of 597899573.
31, 1609, 11987
What are the prime factors of 117205002?
2, 3, 1279, 1697
List the prime factors of 44775434.
2, 11, 23, 107, 827
What are the prime factors of 185986417?
71, 1171, 2237
List the prime factors of 106769066.
2, 53384533
What are the prime factors of 652002?
2, 3, 13, 643
List the prime factors of 3966410039.
18587, 213397
List the prime factors of 862348592.
2, 7, 19, 405239
List the prime factors of 339094785.
3, 5, 22606319
What are the prime factors of 1129026202?
2, 17, 29, 1145057
List the prime factors of 123803034.
2, 3, 20633839
List the prime factors of 64720177.
89, 233, 3121
List the prime factors of 58059271.
1321, 43951
What are the prime factors of 46415947?
46415947
What are the prime factors of 935882743?
79, 11846617
List the prime factors of 1939339798.
2, 11, 647, 136247
What are the prime factors of 340567857?
3, 7, 5405839
List the prime factors of 658101784.
2, 19, 283, 15299
What are the prime factors of 1147825243?
1147825243
What are the prime factors of 22088720?
2, 5, 29, 9521
What are the prime factors of 9788528?
2, 443, 1381
List the prime factors of 419233351.
23, 18227537
List the prime factors of 3409041586.
2, 17, 223, 521, 863
What are the prime factors of 1022487046?
2, 7, 29, 71, 79, 449
What are the prime factors of 397243928?
2, 797, 62303
List the prime factors of 122522166.
2, 3, 13, 174533
List the prime factors of 272933264.
2, 17058329
What are the prime factors of 1741928863?
107, 16279709
List the prime factors of 529092069.
3, 11, 19, 23, 1931
What are the prime factors of 173104227?
3, 601, 32003
List the prime factors of 22194829.
22194829
What are the prime factors of 103240080?
2, 3, 5, 223, 643
What are the prime factors of 87686400?
2, 3, 5, 4567
List the prime factors of 22282574.
2, 89, 125183
What are the prime factors of 16508640?
2, 3, 5, 163, 211
What are the prime factors of 3220485052?
2, 7643, 105341
List the prime factors of 114105676.
2, 28526419
List the prime factors of 23670722.
2, 11835361
List the prime factors of 10913210.
2, 5, 7, 11, 14173
What are the prime factors of 35587363?
7, 5083909
What are the prime factors of 74921068?
2, 73, 256579
What are the prime factors of 1336492851?
3, 19, 1163, 20161
What are the prime factors of 83677825?
5, 7, 11, 17, 2557
What are the prime factors of 1353473261?
7, 2239, 86357
List the prime factors of 2324173287.
3, 1481, 523109
List the prime factors of 62711895.
3, 5, 17, 83, 2963
List the prime factors of 2352213012.
2, 3, 181, 1082971
What are the prime factors of 59429835?
3, 5, 440221
List the prime factors of 199612582.
2, 13, 89, 86263
What are the prime factors of 84709298?
2, 31, 1366279
What are the prime factors of 60829241?
11, 19, 26459
What are the prime factors of 400036089?
3, 19, 7018177
What are the prime factors of 391569385?
5, 19, 4121783
What are the prime factors of 195369752?
2, 29, 842111
List the prime factors of 773258372.
2, 1889, 102337
List the prime factors of 1706078450.
2, 5, 34121569
What are the prime factors of 669889794?
2, 3, 7, 17, 457, 2053
List the prime factors of 72189914.
2, 83, 431, 1009
List the prime factors of 137432553.
3, 45810851
What are the prime factors of 115542001?
59, 103, 19013
List the prime factors of 206031281.
37, 331, 16823
What are the prime factors of 92616400?
2, 5, 23, 10067
What are the prime factors of 253986702?
2, 3, 42331117
What are the prime factors of 4236001174?
2, 29, 73034503
What are the prime factors of 75054773?
23, 251, 13001
What are the prime factors of 3795023?
23, 165001
What are the prime factors of 6063204?
2, 3, 7, 19, 29, 131
What are the prime factors of 173372609?
173372609
List the prime factors of 75056074.
2, 37528037
What are the prime factors of 7755624?
2, 3, 107717
List the prime factors of 62782548.
2, 3, 23, 227473
What are the prime factors of 1701413742?
2, 3, 7, 457, 88643
List the prime factors of 589136469.
3, 5557, 35339
List the prime factors of 1126511669.
67, 149, 112843
List the prime factors of 132372835.
5, 7, 3782081
List the prime factors of 358303239.
3, 7, 31, 26209
What are the prime factors of 1406100492?
2, 3, 23, 37, 15299
What are the prime factors of 112510832?
2, 7, 1004561
List the prime factors of 60479301.
3, 20159767
List the prime factors of 1709010549.
3, 63296687
List the prime factors of 574004694.
2, 3, 17, 73, 127, 607
List the prime factors of 19849326.
2, 3, 7, 197, 2399
What are the prime factors of 20321532?
2, 3, 7, 11, 7331
What are the prime factors of 67282559?
6389, 10531
List the prime factors of 973761199.
973761199
What are the prime factors of 4490271?
3, 61, 8179
What are the prime factors of 302201204?
2, 149, 507049
List the prime factors of 657411368.
2, 229, 241, 1489
What are the prime factors of 29363619?
3, 109, 89797
What are the prime factors of 1749464130?
2, 3, 5, 149, 391379
List the prime factors of 8122355684.
2, 3463, 586367
List the prime factors of 44453809.
89, 499481
What are the prime factors of 6531525300?
2, 3, 5, 193, 112807
List the prime factors of 826467703.
826467703
List the prime factors of 149947441.
7, 53, 389, 1039
List the prime factors of 2045716968.
2, 3, 23, 3706009
What are the prime factors of 355408723?
355408723
What are the prime factors of 53531170?
2, 5, 7, 11, 19, 3659
What are the prime factors of 4845031543?
11, 5209, 7687
What are the prime factors of 16965212?
2, 11, 385573
What are the prime factors of 39704100?
2, 3, 5, 132347
What are the prime factors of 723649932?
2, 3, 20101387
What are the prime factors of 40991850?
2, 3, 5, 71, 1283
List the prime factors of 229398199.
229398199
What are the prime factors of 5948286?
2, 3, 991381
What are the prime factors of 1176535942?
2, 15413, 38167
What are the prime factors of 1886735870?
2, 5, 53, 1117, 3187
List the prime factors of 455591110.
2, 5, 13, 1039, 3373
List the prime factors of 356283144.
2, 3, 7, 17, 83, 167
What are the prime factors of 3427667985?
3, 5, 7, 31, 113, 9319
What are the prime factors of 2926022450?
2, 5, 13, 4501573
What are the prime factors of 189189268?
2, 107, 442031
List the prime factors of 281645711.
71, 55871
What are the prime factors of 309651439?
337, 643, 1429
List the prime factors of 29303167.
43, 523, 1303
What are the prime factors of 2876746779?
3, 106546177
List the prime factors of 262965895.
5, 71, 740749
What are the prime factors of 757026284?
2, 7, 107, 36097
What are the prime factors of 1791272638?
2, 29, 37, 834703
List the prime factors of 21686932.
2, 5421733
List the prime factors of 50589692.
2, 2203, 5741
What are the prime factors of 1032526553?
32077, 32189
List the prime factors of 758466653.
7, 23, 59, 79847
List the prime factors of 51085270.
2, 5, 1123, 4549
What are the prime factors of 883611787?
41, 443, 48649
List the prime factors of 21640359.
3, 13, 733, 757
What are the prime factors of 4114831485?
3, 5, 274322099
List the prime factors of 1528301345.
5, 229, 647, 2063
List the prime factors of 314978552.
2, 7, 5624617
List the prime factors of 29035109.
157, 173, 1069
What are the prime factors of 152223045?
3, 5, 13, 780631
List the prime factors of 182332160.
2, 5, 181, 787
What are the prime factors of 85526632?
2, 109,